{"id":14,"date":"2021-02-01T12:07:25","date_gmt":"2021-02-01T11:07:25","guid":{"rendered":"https:\/\/autokary.gandalftravel.com\/?page_id=14"},"modified":"2021-02-02T16:33:49","modified_gmt":"2021-02-02T15:33:49","slug":"o-firmie","status":"publish","type":"page","link":"https:\/\/autokary.gandalftravel.com\/index.php\/o-firmie\/","title":{"rendered":"O firmie"},"content":{"rendered":"\n<p><p><strong>Do\u015bwiadczenie<\/strong><br>Jeste\u015bmy wiod\u0105c\u0105 w Polsce firm\u0105 transportow\u0105 dzia\u0142aj\u0105c\u0105 na rynku przewoz\u00f3w pasa\u017cerskich od 2005 roku. Organizujemy przewozy os\u00f3b na terenie kraju oraz ca\u0142ej Europy. Posiadamy licencj\u0119 wsp\u00f3lnotow\u0105 na wykonywanie mi\u0119dzynarodowego zarobkowego przewozu os\u00f3b.<br><br><strong>Szeroki zakres us\u0142ug<\/strong><br>Obs\u0142ugujemy klient\u00f3w indywidualnych i firmy &#8211; wydarzenia du\u017ce i kameralne wycieczki. Obs\u0142ugujemy biura podr\u00f3\u017cy i agencje turystyczne. Mamy do\u015bwiadczenie w organizacji zjazd\u00f3w, kongres\u00f3w, konferencji, wyjazd\u00f3w narciarskich, r\u00f3\u017cnego rodzaju imprez okoliczno\u015bciowych. Do\u015bwiadczenie zdobyte podczas wieloletniej dzia\u0142alno\u015bci w transporcie turystycznym procentuje w postaci umiej\u0119tno\u015bci dostosowania si\u0119 do \u017cycze\u0144 najbardziej wymagaj\u0105cych klient\u00f3w.<br><br><strong>Po\u0142o\u017cenie<\/strong><br>Nasza baza w \u0141odzi pozwala na szybki i wygodny dojazd do dowolnego zak\u0105tka Polski. Najwi\u0119kszy w Polsce w\u0119ze\u0142 autostradowy gwarantuje nam sprawne dotarcie do klient\u00f3w w ca\u0142ym kraju. <span style=\"color: var(--nv-text-color); font-family: Montserrat, var(--nv-fallback-ff); background-color: var(--nv-site-bg);\"> <\/span><\/p><p><strong>Nowoczesny tabor<\/strong><br>Zajmujemy si\u0119 wynajmem luksusowych autokar\u00f3w, bus\u00f3w oraz limuzyn.<br>W swoim taborze posiadamy wy\u0142\u0105cznie nowe, luksusowe autokary marki Setra, Scania oraz Mercedes (2015-2019) z ilo\u015bci\u0105 miejsc dla pasa\u017cer\u00f3w 20, 49, 51, oraz 69 w pe\u0142nej opcji wyposa\u017cenia. Posiadamy wszelkie mo\u017cliwe udogodnienia dla komfortowej obs\u0142ugi naszych pasa\u017cer\u00f3w. <br><br><strong>Sprawdzeni kierowcy<\/strong><br>Sprawn\u0105 i bezpieczn\u0105 obs\u0142ug\u0119 naszych podr\u00f3\u017cnych gwarantuje zesp\u00f3\u0142 naszych do\u015bwiadczonych kierowc\u00f3w, rokrocznie przeje\u017cdzaj\u0105cych dziesi\u0105tki tysi\u0119cy kilometr\u00f3w po europejskich drogach. <br><br><strong>Zapraszamy do zapoznania si\u0119 z nasz\u0105 ofert\u0105.<\/strong><br><br><br><\/p><\/p>\n","protected":false},"excerpt":{"rendered":"<p>Do\u015bwiadczenieJeste\u015bmy wiod\u0105c\u0105 w Polsce firm\u0105 transportow\u0105 dzia\u0142aj\u0105c\u0105 na rynku przewoz\u00f3w pasa\u017cerskich od 2005 roku. Organizujemy przewozy os\u00f3b na terenie kraju oraz ca\u0142ej Europy. Posiadamy licencj\u0119 wsp\u00f3lnotow\u0105 na wykonywanie mi\u0119dzynarodowego zarobkowego przewozu os\u00f3b. Szeroki zakres us\u0142ugObs\u0142ugujemy klient\u00f3w indywidualnych i firmy &#8211; wydarzenia du\u017ce i kameralne wycieczki. Obs\u0142ugujemy biura podr\u00f3\u017cy i agencje turystyczne. Mamy do\u015bwiadczenie w organizacji&hellip;&nbsp;<a href=\"https:\/\/autokary.gandalftravel.com\/index.php\/o-firmie\/\" class=\"\" rel=\"bookmark\">Czytaj wi\u0119cej &raquo;<span class=\"screen-reader-text\">O firmie<\/span><\/a><\/p>\n","protected":false},"author":1,"featured_media":0,"parent":0,"menu_order":0,"comment_status":"closed","ping_status":"closed","template":"","meta":{"ngg_post_thumbnail":0,"neve_meta_sidebar":"full-width","neve_meta_container":"","neve_meta_enable_content_width":"on","neve_meta_content_width":100,"neve_meta_title_alignment":"","neve_meta_author_avatar":"","neve_post_elements_order":"","neve_meta_disable_header":"","neve_meta_disable_footer":"","neve_meta_disable_title":"","footnotes":""},"class_list":["post-14","page","type-page","status-publish","hentry"],"_links":{"self":[{"href":"https:\/\/autokary.gandalftravel.com\/index.php\/wp-json\/wp\/v2\/pages\/14","targetHints":{"allow":["GET"]}}],"collection":[{"href":"https:\/\/autokary.gandalftravel.com\/index.php\/wp-json\/wp\/v2\/pages"}],"about":[{"href":"https:\/\/autokary.gandalftravel.com\/index.php\/wp-json\/wp\/v2\/types\/page"}],"author":[{"embeddable":true,"href":"https:\/\/autokary.gandalftravel.com\/index.php\/wp-json\/wp\/v2\/users\/1"}],"replies":[{"embeddable":true,"href":"https:\/\/autokary.gandalftravel.com\/index.php\/wp-json\/wp\/v2\/comments?post=14"}],"version-history":[{"count":4,"href":"https:\/\/autokary.gandalftravel.com\/index.php\/wp-json\/wp\/v2\/pages\/14\/revisions"}],"predecessor-version":[{"id":364,"href":"https:\/\/autokary.gandalftravel.com\/index.php\/wp-json\/wp\/v2\/pages\/14\/revisions\/364"}],"wp:attachment":[{"href":"https:\/\/autokary.gandalftravel.com\/index.php\/wp-json\/wp\/v2\/media?parent=14"}],"curies":[{"name":"wp","href":"https:\/\/api.w.org\/{rel}","templated":true}]}}